tor of 9448106?
False
Is 11 a factor of 599764?
True
Is 154036 a multiple of 51?
False
Does 77 divide 605682?
True
Does 62 divide 8592610?
False
Does 114 divide 943122?
True
Is 234758 a multiple of 46?
False
Is 839895 a multiple of 105?
True
Does 272 divide 1960576?
True
Is 15 a factor of 799452?
False
Does 37 divide 13727?
True
Is 1826061 a multiple of 39?
False
Is 34 a factor of 5043?
False
Is 414368 a multiple of 46?
True
Is 7 a factor of 756590?
False
Does 11 divide 96829?
False
Does 57 divide 12808271?
False
Does 20 divide 2222738?
False
Is 35 a factor of 645067?
False
Is 20459979 a multiple of 27?
True
Does 26 divide 1560765?
False
Is 1578 a factor of 4068470?
False
Is 87277 a multiple of 38?
False
Does 233 divide 1316380?
False
Does 10 divide 49740?
True
Does 1093 divide 10343287?
False
Does 34 divide 58140?
True
Is 3984 a multiple of 83?
True
Does 644 divide 1172724?
True
Does 7 divide 110845?
True
Is 107 a factor of 83781?
True
Is 510 a factor of 1004923?
False
Does 108 divide 62532?
True
Does 46 divide 285844?
True
Does 14 divide 2606114?
True
Does 45 divide 8595?
True
Does 9 divide 165537?
True
Does 5 divide 625654?
False
Is 941712 a multiple of 23?
True
Does 481 divide 1937239?
False
Does 46 divide 81098?
True
Is 179665 a multiple of 5?
True
Is 1424382 a multiple of 282?
True
Is 33 a factor of 301141?
False
Does 187 divide 250580?
True
Is 309518 a multiple of 22?
True
Is 1562462 a multiple of 79?
True
Does 7 divide 1292641?
True
Is 1633 a factor of 5089044?
False
Is 1516 a factor of 12767689?
False
Is 37 a factor of 1488880?
True
Is 24 a factor of 8676?
False
Is 1831675 a multiple of 41?
True
Is 430696 a multiple of 284?
False
Is 546262 a multiple of 9?
False
Is 727532 a multiple of 221?
True
Is 22129580 a multiple of 1067?
True
Is 29 a factor of 1876640?
False
Is 13 a factor of 469963?
True
Is 9295 a multiple of 11?
True
Does 879 divide 6831853?
False
Is 145 a factor of 11455?
True
Does 15 divide 2396340?
True
Is 482 a factor of 405128?
False
Does 9 divide 18670?
False
Is 322346 a multiple of 106?
True
Does 21 divide 124582?
False
Is 307 a factor of 251284?
False
Is 317400 a multiple of 92?
True
Is 7 a factor of 132897?
False
Is 564667 a multiple of 27?
False
Is 7 a factor of 21014?
True
Is 7 a factor of 315343?
True
Does 16 divide 161351?
False
Is 36056 a multiple of 3?
False
Is 2 a factor of 54773?
False
Is 864524 a multiple of 46?
True
Is 1753853 a multiple of 8?
False
Is 17 a factor of 1959?
False
Is 138890 a multiple of 668?
False
Does 14 divide 64666?
True
Does 22 divide 426448?
True
Is 4448129 a multiple of 97?
True
Is 60 a factor of 11211469?
False
Is 25 a factor of 490071?
False
Is 139 a factor of 149102?
False
Is 23 a factor of 1142339?
False
Does 54 divide 6478218?
True
Is 13 a factor of 183332?
False
Is 359600 a multiple of 11?
False
Is 6919 a multiple of 3?
False
Is 8057 a multiple of 3?
False
Is 12768 a multiple of 28?
True
Is 62 a factor of 1618366?
False
Is 285471 a multiple of 291?
True
Does 327 divide 1792287?
True
Does 229 divide 136026?
True
Does 1444 divide 5744478?
False
Is 1289 a factor of 15774782?
True
Is 5 a factor of 90520?
True
Is 908059 a multiple of 78?
False
Is 24 a factor of 1622520?
True
Does 20 divide 48460?
True
Is 188 a factor of 89488?
True
Is 23 a factor of 174854?
False
Is 9674760 a multiple of 148?
True
Is 104 a factor of 4592197?
False
Does 221 divide 99474?
False
Is 1012902 a multiple of 66?
True
Is 1086902 a multiple of 432?
False
Is 5268 even?
True
Does 20 divide 1596105?
False
Is 490 a factor of 733701?
False
Does 136 divide 383221?
False
Does 342 divide 6994242?
True
Is 13 a factor of 9420040?
False
Does 8 divide 4564069?
False
Does 119 divide 123522?
True
Is 26 a factor of 4725791?
False
Does 20 divide 142342?
False
Is 279350 a multiple of 12?
False
Is 10529 a multiple of 52?
False
Is 19 a factor of 143849?
True
Is 213 a factor of 710957?
False
Is 15625648 a multiple of 16?
True
Is 8 a factor of 139789?
False
Is 6 a factor of 279870?
True
Is 53 a factor of 1959599?
False
Is 277326 a multiple of 150?
False
Is 22 a factor of 1268982?
True
Is 667866 a multiple of 16?
False
Is 17 a factor of 4236111?
True
Is 461 a factor of 2349256?
True
Does 8 divide 42462?
False
Is 12 a factor of 475603?
False
Is 34 a factor of 4458?
False
Does 4 divide 1065357?
False
Is 628189 a multiple of 68?
False
Is 15 a factor of 12330?
True
Is 452650 a multiple of 22?
True
Is 274 a factor of 2607901?
False
Is 56943 a multiple of 3?
True
Is 344270 a multiple of 5?
True
Is 5280261 a multiple of 21?
True
Does 240 divide 378480?
True
Is 7 a factor of 506207?
False
Does 912 divide 7650303?
False
Is 10 a factor of 5326050?
True
Is 48 a factor of 354288?
True
Is 2656190 a multiple of 10?
True
Does 3 divide 85263?
True
Is 41 a factor of 69331?
True
Does 13 divide 590954?
True
Is 865 a multiple of 18?
False
Is 2628 a factor of 4788216?
True
Is 22 a factor of 14388?
True
Is 12313851 a multiple of 196?
False
Is 80 a factor of 464264?
False
Is 610520 a multiple of 4?
True
Does 122 divide 34201?
False
Is 299 a factor of 153517?
False
Is 125419 a multiple of 7?
True
Is 2070903 a multiple of 403?
False
Is 3 a factor of 221447?
False
Is 15380779 a multiple of 349?
True
Does 34 divide 2842468?
True
Is 899676 a multiple of 402?
True
Is 1831128 a multiple of 6?
True
Does 39 divide 1642441?
False
Is 38 a factor of 2391739?
False
Does 492 divide 1962931?
False
Does 176 divide 640992?
True
Does 18 divide 725706?
True
Is 1811096 a multiple of 8?
True
Is 26 a factor of 492362?
True
Is 105558 a multiple of 73?
True
Is 162 a factor of 293382?
True
Is 6605473 a multiple of 595?
False
Does 5 divide 147011?
False
Does 38 divide 191241?
False
Is 6 a factor of 40877?
False
Does 24 divide 20472?
True
Is 4717804 a multiple of 338?
True
Does 79 divide 37652?
False
Is 13 a factor of 1795271?
False
Is 2 a factor of 10003?
False
Is 72160 a multiple of 10?
True
Does 14 divide 61165?
False
Is 67184 even?
True
Does 114 divide 6497?
False
Is 37935 a multiple of 27?
True
Is 2917987 a multiple of 68?
False
Is 53 a factor of 232723?
True
Is 9985920 a multiple of 980?
False
Is 12272 even?
True
Does 144 divide 5879520?
True
Is 11 a factor of 414887?
True
Is 35 a factor of 205298?
False
Is 9 a factor of 9837?
True
Is 15 a factor of 180210?
True
Is 67 a factor of 78438?
False
Is 4296544 a multiple of 1290?
False
Does 321 divide 7217379?
False
Is 348 a factor of 159036?
True
Is 1315042 a multiple of 16?
False
Does 38 divide 19318689?
False
Is 2262510 a multiple of 452?
False
Is 221 a factor of 1204564?
False
Is 1751485 a multiple of 28?
False
Is 293265 a multiple of 63?
True
Is 23 a factor of 2375693?
True
Is 465658 a multiple of 46?
True
Is 395 a factor of 759190?
True
Does 470 divide 564940?
True
Does 71 divide 69012?
True
Is 210844 a multiple of 183?
False
Is 6 a factor of 1520891?
False
Does 658 divide 1442099?
False
Is 8 a factor of 120808?
True
Is 721527 a multiple of 251?
False
Is 25476 a multiple of 44?
True
Is 25 a factor of 860377?
False
Is 1694291 a multiple of 384?
False
Is 3 a factor of 38474?
False
Does 20 divide 113297?
False
Does 79 divide 142042?
True
Is 33319 a multiple of 12?
False
Does 12 divide 199512?
True
Is 1766352 a multiple of 28?
True
Does 57 divide 418663?
False
Does 10 divide 224200?
True
Does 298 divide 1466490?
False
Is 82167 a multiple of 449?
True
Is 12888 a multiple of 12?
True
Is 12 a factor of 11508?
True
Is 1830702 a multiple of 926?
True
Is 3932709 a multiple of 40?
False
Is 14 a factor of 1423776?
False
Is 66 a factor of 344058?
True
Is 3465894 a multiple of 386?
True
Is 57 a factor of 1950654?
True
Is 312 a factor of 401856?
True
Does 17 divide 44812?
True
Is 8665484 a multiple of 18?
False
Does 11 divide 295803?
False
Is 24 a factor of 51864?
True
Does 70 divide 8222760?
True
Does 46 divide 60?
False
Is 33239 a multiple of 20?
False
Does 15 divide 81345?
True
Does 252 divide 400643?
False
Is 50594 a multiple of 15?
False
Is 139 a factor of 2045385?
True
Is 4155252 a multiple of 825?
False
Is 158256 a multiple of 168?
True
Is 195090 a multiple of 8?
False
Is 73 a factor of 14742?
False
Is 18 a factor of 2682821?
False
Is 159 a factor of 1472656?
False
Is 476362 a multiple of 6?
False
Does 7 divide 394611?
True
Is 121